19?
18
Calculate the remainder when 242 is divided by 128.
114
What is the remainder when 41 is divided by 31?
10
What is the remainder when 94 is divided by 20?
14
Calculate the remainder when 64 is divided by 1.
0
Calculate the remainder when 177 is divided by 15.
12
Calculate the remainder when 41 is divided by 36.
5
Calculate the remainder when 648 is divided by 46.
4
Calculate the remainder when 687 is divided by 254.
179
What is the remainder when 482 is divided by 117?
14
Calculate the remainder when 761 is divided by 152.
1
What is the remainder when 1861 is divided by 24?
13
What is the remainder when 103 is divided by 48?
7
What is the remainder when 521 is divided by 135?
116
What is the remainder when 382 is divided by 96?
94
Calculate the remainder when 339 is divided by 9.
6
What is the remainder when 7528 is divided by 30?
28
Calculate the remainder when 117 is divided by 24.
21
Calculate the remainder when 1298 is divided by 644.
10
Calculate the remainder when 2381 is divided by 1180.
21
What is the remainder when 7399 is divided by 200?
199
Calculate the remainder when 121 is divided by 14.
9
What is the remainder when 133 is divided by 8?
5
Calculate the remainder when 684 is divided by 226.
6
Calculate the remainder when 67 is divided by 14.
11
Calculate the remainder when 923 is divided by 21.
20
Calculate the remainder when 19 is divided by 10.
9
What is the remainder when 357 is divided by 30?
27
Calculate the remainder when 274 is divided by 37.
15
What is the remainder when 155 is divided by 16?
11
What is the remainder when 130 is divided by 33?
31
Calculate the remainder when 1439 is divided by 40.
39
What is the remainder when 1813 is divided by 151?
1
Calculate the remainder when 1880 is divided by 209.
208
Calculate the remainder when 124 is divided by 63.
61
What is the remainder when 714 is divided by 192?
138
Calculate the remainder when 322 is divided by 110.
102
Calculate the remainder when 23 is divided by 7.
2
What is the remainder when 619 is divided by 139?
63
Calculate the remainder when 69 is divided by 22.
3
What is the remainder when 3936 is divided by 13?
10
What is the remainder when 213 is divided by 68?
9
What is the remainder when 852 is divided by 151?
97
Calculate the remainder when 1229 is divided by 41.
40
Calculate the remainder when 1052 is divided by 48.
44
What is the remainder when 591 is divided by 83?
10
What is the remainder when 111 is divided by 39?
33
Calculate the remainder when 5678 is divided by 4.
2
What is the remainder when 6901 is divided by 59?
57
What is the remainder when 2650 is divided by 156?
154
Calculate the remainder when 280 is divided by 11.
5
What is the remainder when 636 is divided by 38?
28
Calculate the remainder when 169 is divided by 21.
1
What is the remainder when 928 is divided by 154?
4
Calculate the remainder when 2091 is divided by 13.
11
Calculate the remainder when 350 is divided by 47.
21
Calculate the remainder when 626 is divided by 64.
50
Calculate the remainder when 2564 is divided by 427.
2
What is the remainder when 7153 is divided by 7?
6
Calculate the remainder when 316 is divided by 17.
10
Calculate the remainder when 435 is divided by 208.
19
What is the remainder when 175 is divided by 99?
76
Calculate the remainder when 545 is divided by 42.
41
Calculate the remainder when 234 is divided by 6.
0
Calculate the remainder when 601 is divided by 101.
96
What is the remainder when 2151 is divided by 8?
7
What is the remainder when 278 is divided by 120?
38
What is the remainder when 115 is divided by 97?
18
Calculate the remainder when 140 is divided by 21.
14
What is the remainder when 74 is divided by 10?
4
Calculate the remainder when 78 is divided by 45.
33
What is the remainder when 447 is divided by 75?
72
What is the remainder when 46 is divided by 27?
19
Calculate the remainder when 143 is divided by 7.
3
Calculate the remainder when 1710 is divided by 50.
10
What is the remainder when 6045 is divided by 9?
6
What is the remainder when 493 is divided by 42?
31
What is the remainder when 268 is divided by 69?
61
Calculate the remainder when 669 is divided by 53.
33
What is the remainder when 127 is divided by 58?
11
Calculate the remainder when 121 is divided by 12.
1
What is the remainder when 797 is divided by 32?
29
Calculate the remainder when 251 is divided by 112.
27
What is the remainder when 809 is divided by 34?
27
What is the remainder when 663 is divided by 19?
17
What is the remainder when 203 is divided by 53?
44
What is the remainder when 7621 is divided by 99?
97
What is the remainder when 19203 is divided by 66?
63
Calculate the remainder when 112 is divided by 29.
25
What is the remainder when 88 is divided by 20?
8
Calculate the remainder when 480 is divided by 35.
25
Calculate the remainder when 447 is divided by 14.
13
Calculate the remainder when 430 is divided by 48.
46
What is the remainder when 182 is divided by 37?
34
Calculate the remainder when 250 is divided by 9.
7
What is the remainder when 385 is divided by 43?
41
Calculate the remainder when 338 is divided by 96.
50
What is the remainder when 18204 is divided by 9?
6
What is the remainder when 3177 is divided by 106?
103
Calculate the remainder when 1304 is divided by 4.
0
What is the remainder when 388 is divided by 129?
1
What is the remainder when 4 is divided by 2?
0
What is the remainder when 70 is divided by 12?
10
Calculate the remainder when 264 is divided by 140.
124
Calculate the remainder when 167 is divided by 46.
29
Calculate the remainder when 4048 is divided by 13.
5
What is the remainder when 87 is divided by 27?
6
Calculate the remainder when 5973 is divided by 139.
135
What is the remainder when 210 is divided by 54?
48
Calculate the remainder when 278 is divided by 28.
26
What is the remainder when 366 is divided by 23?
21
What is the remainder when 557 is divided by 56?
53
What is the remainder when 171 is divided by 6?
3
Calculate the remainder when 271 is divided by 137.
134
What is the remainder when 571 is divided by 41?
38
Calculate the remainder when 802 is divided by 271.
260
Calculate the remainder when 518 is divided by 46.
12
What is the remainder when 660 is divided by 19?
14
Calculate the remainder when 1726 is divided by 48.
46
Calculate the remainder when 2445 is divided by 79.
75
What is the remainder when 615 is divided by 300?
15
What is the remainder when 161 is divided by 61?
39
What is the remainder when 4912 is divided by 351?
349
What is the remainder when 254 is divided by 16?
14
What is the remainder when 523 is divided by 148?
79
What is the remainder when 1633 is divided by 268?
25
What is the remainder when 3628 is divided by 280?
268
What is the remainder when 286 is divided by 16?
14
What is the remainder when 25244 is divided by 85?
84
Calculate the remainder when 100 is divided by 8.
4
What is the remainder when 307 is divided by 55?
32
Calculate the remainder when 230 is divided by 112.
6
What is the remainder when 192 is divided by 18?
12
What is the remainder when 180 is divided by 46?
42
What is the remainder when 159 is divided by 33?
27
What is the remainder when 146 is divided by 53?
40
Calculate the remainder when 239 is divided by 91.
57
Calculate the remainder when 1585 is divided by 29.
19
What is the remainder when 98 is divided by 4?
2
Calculate the remainder when 470 is divided by 43.
40
Calculate the remainder when 936 is divided by 136.
120
What is the remainder when 57 is divided by 24?
9
Calculate the remainder when 364 is divided by 132.
100
What is the remainder when 284 is divided by 113?
58
Calculate the remainder when 5770 is divided by 20.
10
Calculate the remainder when 837 is divided by 194.
61
What is the remainder when 1115 is divided by 26?
23
What is the remainder when 160 is divided by 6?
4
What is the remainder when 52 is divided by 33?
19
What is the remainder when 11775 is divided by 33?
27
What is the remainder when 510 is divided by 32?
30
What is the remainder when 266 is divided by 246?
20
What is the remainder when 186 is divided by 19?
15
Calculate the remainder when 276 is divided by 115.
46
What is the remainder when 1316 is divided by 71?
38
Calculate the 